 base 8.
-670
What is -c7d (base 14) in base 11?
-193a
What is -445 (base 6) in base 8?
-255
-35554 (base 6) to base 14
-1c62
Convert 10878 (base 10) to base 15.
3353
What is -8925 (base 16) in base 7?
-204234
Convert -57802 (base 10) to base 2.
-1110000111001010
10704 (base 15) to base 16
cbec
What is -3252 (base 7) in base 3?
-1121010
132203 (base 5) to base 16
14b7
What is -11510 (base 8) in base 12?
-2a34
What is 442401 (base 6) in base 2?
1001000000000001
-13700 (base 11) to base 16
-4c19
Convert -22331 (base 4) to base 7.
-2021
Convert -246 (base 13) to base 7.
-1104
-2bcc (base 16) to base 5
-324322
Convert 121102220 (base 3) to base 10.
11985
Convert -1133 (base 5) to base 6.
-440
Convert -603 (base 7) to base 9.
-360
Convert 2202200010 (base 3) to base 8.
152243
What is 242423 (base 5) in base 10?
9113
What is 70b8 (base 12) in base 7?
50450
Convert 292 (base 10) to base 9.
354
What is -397 (base 13) in base 16?
-277
118 (base 13) to base 2
10111110
Convert -20671 (base 10) to base 2.
-101000010111111
100311 (base 4) to base 16
435
What is 1399 (base 12) in base 3?
10010100
What is -13200 (base 5) in base 10?
-1050
Convert 20311 (base 7) to base 9.
6717
656 (base 7) to base 8
517
-50 (base 9) to base 15
-30
Convert -2819 (base 10) to base 11.
-2133
What is 170 (base 13) in base 6?
1112
What is -46182 (base 9) in base 5?
-1441043
Convert -1100 (base 9) to base 8.
-1452
Convert 830 (base 11) to base 8.
1751
Convert 1878 (base 9) to base 6.
10412
What is -309 (base 13) in base 2?
-1000000100
What is -11565 (base 9) in base 3?
-101122012
What is -167 (base 12) in base 4?
-3133
Convert 110010100 (base 2) to base 4.
12110
What is -2986 (base 12) in base 4?
-1023312
What is -10921 (base 12) in base 8?
-53051
7cc (base 14) to base 12
a94
Convert -185 (base 11) to base 5.
-1324
2411 (base 14) to base 2
1100010001111
What is 3684 (base 12) in base 11?
468a
-11b00 (base 15) to base 9
-85420
2ec (base 16) to base 7
2116
What is 272 (base 14) in base 7?
1302
Convert -5d34 (base 14) to base 5.
-1010224
What is 323 (base 14) in base 13?
388
What is -84c (base 15) in base 13?
-b10
112110 (base 3) to base 12
286
Convert -505 (base 6) to base 13.
-113
Convert -214452 (base 6) to base 16.
-45e0
What is 2130001 (base 5) in base 15?
ab1b
What is -236254 (base 7) in base 16?
-a804
What is -5335 (base 9) in base 14?
-1600
What is 869 (base 12) in base 2?
10011010001
What is -2121100 (base 3) in base 7?
-5352
Convert -20120 (base 3) to base 7.
-342
-12524 (base 6) to base 12
-1144
What is 110010001000 (base 2) in base 8?
6210
Convert 232412 (base 6) to base 15.
5dee
Convert 100111000011011 (base 2) to base 4.
10320123
Convert -60 (base 15) to base 10.
-90
-32003 (base 4) to base 3
-1020022
What is 11001110110 (base 2) in base 13?
9a3
Convert -6110 (base 7) to base 10.
-2114
What is 155a (base 12) in base 9?
3407
What is -926 (base 14) in base 13?
-a84
1110001000011 (base 2) to base 5
212420
1231241 (base 5) to base 9
35756
What is 115025 (base 6) in base 7?
41435
-562 (base 12) to base 16
-31a
What is -10ab (base 13) in base 7?
-6550
-1944 (base 14) to base 3
-20021012
What is -10001011111 (base 2) in base 5?
-13434
Convert -d5 (base 16) to base 10.
-213
a879 (base 11) to base 14
5340
-2238 (base 12) to base 11
-2934
1765 (base 12) to base 8
5375
What is 2354 (base 6) in base 7?
1450
-bfb (base 16) to base 6
-22111
3400 (base 7) to base 10
1225
What is 3d4 (base 15) in base 4?
31222
What is -1111113 (base 4) in base 13?
-2643
Convert 7712 (base 16) to base 4.
13130102
Convert 502 (base 16) to base 4.
110002
-d54 (base 14) to base 7
-10434
-6 (base 10) to base 13
-6
What is -13233 (base 6) in base 5?
-31122
Convert -987 (base 13) to base 15.
-73c
What is 13120213 (base 4) in base 9?
45437
-121015 (base 7) to base 8
-52714
Convert -2333210 (base 4) to base 12.
-7118
Convert c17 (base 15) to base 10.
2722
Convert ddd7 (base 14) to base 6.
453453
Convert -2073 (base 10) to base 16.
-819
1143 (base 13) to base 5
34141
Convert -417 (base 10) to base 11.
-34a
Convert -1a5 (base 16) to base 4.
-12211
Convert 15340 (base 6) to base 15.
b23
-1000 (base 7) to base 9
-421
What is 3415 (base 6) in base 2?
1100100011
-5707 (base 12) to base 10
-9655
What is 6090 (base 10) in base 16?
17ca
Convert -10401 (base 6) to base 9.
-1871
-457 (base 13) to base 2
-1011101100
Convert 556 (base 15) to base 16.
4b6
What is 21777 (base 8) in base 11?
6a18
What is 101101011 (base 2) in base 16?
16b
-c8 (base 14) to base 6
-452
What is 20202010 (base 4) in base 7?
203614
Convert -12486 (base 16) to base 14.
-1d410
What is -136703 (base 8) in base 15?
-e5d9
What is 132320 (base 6) in base 10?
12216
-72e (base 16) to base 3
-2112002
What is 2a28 (base 15) in base 16?
234e
What is -174 (base 14) in base 11?
-251
4a82 (base 14) to base 11
9894
1021201200 (base 3) to base 16
62e5
Convert 1122 (base 8) to base 11.
4a0
What is -42664 (base 9) in base 14?
-a418
Convert 434403 (base 5) to base 7.
61445
What is 1363 (base 14) in base 4?
311123
Convert -1341312 (base 5) to base 11.
-198a9
Convert 20322 (base 4) to base 8.
1072
What is 3300 (base 6) in base 5?
11011
222020022 (base 3) to base 13
8921
What is 8612 (base 14) in base 10?
23144
What is 36103 (base 10) in base 8?
106407
What is -5007 (base 12) in base 6?
-104011
770 (base 10) to base 12
542
-100111120 (base 3) to base 13
-31cb
1703 (base 8) to base 16
3c3
-36 (base 14) to base 2
-110000
Convert 1614 (base 7) to base 10.
648
Convert -213 (base 4) to base 14.
-2b
Convert -29590 (base 12) to base 6.
-1123500
5401 (base 6) to base 12
861
Convert -1695 (base 16) to base 4.
-1122111
What is -665 (base 11) in base 16?
-31d
1455 (base 6) to base 13
245
Convert 112110 (base 4) to base 3.
1221220
What is 100000100110 (base 2) in base 7?
6040
-4204 (base 8) to base 14
-b1a
Convert 210222 (base 3) to base 5.
4333
What is 35523 (base 8) in base 15?
4777
Convert -34015 (base 7) to base 14.
-31b5
Convert 125222 (base 7) to base 11.
16678
-500b (base 13) to base 8
-25364
2061 (base 15) to base 5
204331
Convert -1110011001 (base 2) to base 7.
-2454
-20136 (base 11) to base 9
-44343
What is 40 (base 11) in base 2?
101100
-881 (base 13) to base 12
-a15
-bc (base 15) to base 8
-261
What is -1000110001001000 (base 2) in base 6?
-434132
-1a86 (base 13) to base 12
-2391
-28c (base 13) to base 7
-1216
What is -636 (base 9) in base 14?
-291
Convert -20333 (base 4) to base 7.
-1451
-18262 (base 10) to base 12
-a69a
What is -1499 (base 12) in base 6?
-15113
What is -5304 (base 8) in base 11?
-2086
What is 2bd1 (base 16) in base 14?
4133
Convert 21242 (base 5) to base 12.
a07
Convert -3191 (base 10) to base 11.
-2441
-366 (base 8) to base 15
-116
What is 1300313 (base 4) in base 11?
5477
Convert -497b (base 12) to base 15.
-26d8
-10210033 (base 4) to base 12
-a9a7
What is 332 (base 10) in base 7?
653
What is 86bb (base 14) in base 3?
1011221201
Convert -1906 (base 16) to base 8.
-14406
What is 110100010010 (base 2) in base 7?
12520
Convert -2533 (base 6) to base 7.
-1563
1413 (base 9) to base 5
13230
What is -133015 (base 7) in base 2?
-110000111011011
What is -114330 (base 5) in base 9?
-5852
-2014 (base 5) to base 4
-10003
-2802 (base 11) to base 5
-104012
-2102 (base 6) to base 12
-332
Convert 31201 (base 4) to base 5.
11430
What is -104223 (base 5) in base 2?
-111001101000
Convert c2aa (base 14) to base 15.
9db5
21110301 (base 4) to base 8
112461
137 (base 14) to base 12
185
Convert 8c4 (base 15) to base 16.
7c0
Convert -101221102 (base 3) to base 4.
-1330220
Convert 1238 (base 13) to base 15.
b72
-22032330 (base 4) to base 15
-c646
-5605 (base 7) to base 10
-2014
What is -106076 (base 8) in base 13?
-13459
Convert 144333 (base 6) to base 2.
11011010000001
Convert 2320230 (base 4) to base 11.
8976
Convert 2bc3 (base 16) to base 4.
2233003
What is -110010110 (base 2) in base 9?
-501
What is -111001100010011 (base 2) in base 6?
-344215
Convert -6087 (base 14) to base 5.
-1012313
-1011010 (base 2) to base 8
-132
-104320 (base 5) to base 16
-e7e
Convert -973d (base 16) to base 15.
-b712
Convert -101110101110 (base 2) to base 6.
-21502
-7627 (base 13) to base 10
-16426
-3b38 (base 13) to base 9
-12581
-1355a (base 12) to base 9
-40567
Convert -441020 (base 5) t